 - 7 = 2, 0 = -x + 3*j - 15. Calculate the remainder when (x/4)/(1*6/(-1884)) is divided by 25.
21
Let a = 61 - 21. Suppose -26 = -2*y - a. Calculate the remainder when 34 is divided by (-3)/y - (-67)/7.
4
Suppose -5*t = -2*k + 2331, 0 = -k - 3*k + t + 4671. Suppose -k = -7*n - n. What is the remainder when n is divided by 50?
46
Let w = 194 - 187. Suppose 5*k + 460 = 5*h, -w*k = 2*h - 3*k - 178. What is the remainder when h is divided by 31?
29
Suppose 3*p - 207 = -3*g, 3*g + 23 = -2*p + 232. Calculate the remainder when 339 is divided by ((-2)/(-10))/(g/3905).
9
Suppose 141*v = 148*v - 7, 17 = 4*z - 3*v. Calculate the remainder when 3388 is divided by z.
3
Suppose -2*l + 3*l = -18*l + 87875. Calculate the remainder when l is divided by 24.
17
Let r(q) = 2 + 17 - 5*q - q + 8 - 8 + 13*q**2. Calculate the remainder when r(3) is divided by 8.
6
Calculate the remainder when (-1 - (-420)/(-16))/(-8 - (-252)/32) is divided by 66.
20
Let w = -4 + 12. Suppose r - t + 229 = 0, 2*r + t + 2*t = -473. Let s = r - -236. What is the remainder when w is divided by s?
0
Let j = 7 - -4. Let t = -59 - -102. Suppose 0 = 3*i + 3*d - 147, -i + 3*d - t = -2*i. What is the remainder when i is divided by j?
8
Suppose 13*s - 6868 = 11*s - 32*s. Calculate the remainder when 482 is divided by s.
78
Calculate the remainder when 957 is divided by ((-5)/2)/(16 + 6381/(-396)).
11
Suppose 0 = 2*p + 7 - 29. Suppose -2*m + 3*i + 33 = 0, -4*m - 3*i - 2*i + p = 0. Calculate the remainder when 160 is divided by m.
7
Let k(i) = -5*i**2 + 11*i - i**2 + 6*i**2 - i**2 - 8. Calculate the remainder when 43 is divided by k(3).
11
Let u be (6/27 - (-2)/(-9))*1. Suppose -3*a - 5*d + 16 = u, -4*a - 3*d = -7*d. Calculate the remainder when 4 is divided by (8/44 - a/11) + 3.
1
Let x be (-60)/(-9) + 38/(-57). Let a be (-2)/3*(-6)/(-2). Calculate the remainder when 127 is divided by 16/(12/(-3))*(a - x).
31
Suppose -3*i + 45 = 2*i. Let l(s) = -s**3 + 19*s**2 - 40*s. Let o be l(16). Suppose -5*w - 3*w = -o. What is the remainder when w is divided by i?
7
Let r(x) = x**2 - 1. Suppose 20*z - 204 = 236. Calculate the remainder when (6 - 14)/8 + z is divided by r(3).
5
Let l(k) = 2*k + 21. Let w be l(3). Suppose 31*d = w*d + 8. Let q(v) = -v**2 - 6*v + 1. What is the remainder when q(-5) is divided by d?
0
Let i = -58 - -61. Suppose i*v - 25 = -2*v. Suppose 2*x = 5*n - 0*x - 37, -2*n + 26 = 2*x. What is the remainder when n is divided by v?
4
Let j(y) = -67*y**2 - 7 + y**3 + 30 + 56*y**2 + 8*y. What is the remainder when 26 is divided by j(10)?
2
Let b(t) = 8*t**3 - 29*t**2 - 3*t + 7. Suppose -y + 4*v + 22 = 0, -2*y + 58 = -5*v + 8. Calculate the remainder when b(5) is divided by y.
27
Suppose -6*p = -38*p - 5152. Calculate the remainder when 14/p - (-2509)/23 is divided by 42.
25
Let y = 30154 - 28663. Calculate the remainder when y is divided by 371.
7
Let c = -166 - -42. Let h = 50 - c. Calculate the remainder when h is divided by 59.
56
Suppose -5*j - 73 = -p, 2*p - 9 = -p. Let v(h) = h**3 - 11*h**2 + 12*h + 11. What is the remainder when (-48)/112 + (-1252)/j is divided by v(10)?
27
Let s = -168 - -166. Calculate the remainder when (6 - (-2)/3)*(-3)/s is divided by 9.
1
Suppose 0 = 20*d - 29 - 91. Suppose 35 + 7 = d*k. What is the remainder when 153 is divided by k?
6
Let l(o) = -o**3 + 35*o**2 - o + 122. Suppose -70*i + 98*i - 980 = 0. Calculate the remainder when l(i) is divided by 38.
11
Let g(i) = 24*i - 11. Let v be g(12). Let s = v - 189. Let q = 25 + s. What is the remainder when q is divided by 19?
18
Let u(o) = o**3 + 6*o**2 + 11. Suppose -7 = 3*c + 11. Calculate the remainder when 4 - 2/(18/(-63)) is divided by u(c).
0
Let k(c) = -5*c**2 + 7*c - 4. Let l be k(1). Let v(u) = -8*u - 13. What is the remainder when v(-9) is divided by -1 + l/(-5) + (-4896)/(-160)?
29
Let r be (5/2)/1*144/45. Suppose 0 = -5*j + 20, -v - 50 = 3*j + r. Let p = -38 - v. What is the remainder when p is divided by 9?
5
Let z = 67 + -110. Let q = z + 72. Calculate the remainder when q is divided by 12.
5
What is the remainder when (2 - (-21 - -6)) + 6778 is divided by 25?
20
Let n = -100 - -105. Suppose -5*t = -y - 168, 6*t - 4*t - 51 = -n*y. Calculate the remainder when 64 is divided by t.
31
Suppose 2*b - 30 - 36 = 0. Let g be 441/((-10)/10) - 6. Let a = g - -457. Calculate the remainder when b is divided by a.
3
Let a(q) = q**2 + 10*q + 5. Suppose 0 - 276 = -2*b. Let s = 232 - b. Calculate the remainder when s is divided by a(-11).
14
Let n = 151 - 151. Suppose n = -20*k + 15*k + 70. Calculate the remainder when 22 is divided by k.
8
Let m(p) = 9*p**2 - 151*p - 24. What is the remainder when m(19) is divided by 20?
16
Let r = -130335 + 130344. Let i(t) = 60*t**2 + t. What is the remainder when i(-1) is divided by r?
5
Calculate the remainder when 3279 is divided by (0 + 1 + (-22)/(-8))/(693/1848).
9
Let k = -12 - -44. Let u = 880 + -877. Calculate the remainder when -44*(-85)/40 + u/2 is divided by k.
31
Suppose 5*c - 699 = 42*s - 45*s, -2*s = c - 130. What is the remainder when c is divided by 4?
0
Suppose 4 = -3*c - 4*g, -5*g - 4 = -c + 1. Suppose -5*p - p + 78 = c. What is the remainder when 2/(8/12) + 4 + 15 is divided by p?
9
Suppose -44*a + 3 = -41*a, 0 = 4*v - 4*a - 700. What is the remainder when 1264 is divided by v?
32
Let v = 13517 - 13379. Calculate the remainder when v is divided by 29.
22
Let z = -2 - -4. Let v(n) = -11*n - 21*n + 31*n - 1. Calculate the remainder when v(-7) is divided by z.
0
Let u(y) = 4*y**2 + 11*y + 41. Suppose -2*i + 2 = 0, 0 = -b - b - i + 67. Let a = b - 20. Calculate the remainder when u(-3) is divided by a.
5
Suppose -134 - 124 = -13*m + 795. What is the remainder when 3964 is divided by m?
76
Let b = 6 + 7. Suppose -65 - b = -3*z. What is the remainder when z is divided by 4?
2
Suppose 3*l - 56 = -5*a, -19*l + 2*a = -22*l + 53. What is the remainder when l is divided by (-112)/42*((-7)/2 + 2)?
1
Suppose 1386*i - 1236*i - 562200 = 0. Calculate the remainder when i is divided by 31.
28
Let y(d) = -150*d**3 + 2*d**2 + 2*d - 4. Let c be y(1). Let m = c - -200. Calculate the remainder when m is divided by 25.
0
Let n(m) = 133*m - 2019. Suppose -t = -3, 0*t + 290 = 5*f + 5*t. What is the remainder when n(16) is divided by f?
54
Suppose -68*t - 1370 = -p - 72*t, 5*p - 4*t = 6802. What is the remainder when p is divided by 673?
16
Let j = 2321 - 2302. Suppose -7*b + 36 - 1 = 0. What is the remainder when j is divided by b?
4
What is the remainder when (16176/(-10))/((-23)/((-3795)/(-66))) is divided by 11?
7
Suppose -3*a - 136 = -34. Let p = 1 - a. Suppose 0 = -4*i - i + 110. What is the remainder when p is divided by i?
13
Let k(o) = -o**3 + 4*o**2 - 2*o + 5. Let y = -93 + 96. Let i be k(y). Calculate the remainder when 59 is divided by i + -3 + (0 - -8).
7
Let m = 181 - 159. Calculate the remainder when 28 is divided by 1*(-8)/2 + (m - 1).
11
Let c = -22829 - -23022. Let y = 11 - -11. Calculate the remainder when c is divided by y.
17
Suppose -102*v + 13362 = 29*v. What is the remainder when 617 is divided by v?
5
Suppose -3*p + 59 = 2*h - 6, 0 = -3*h + 4*p + 89. Suppose 74*k + 280 = 67*k. What is the remainder when h is divided by -4 - (5 - k)/(-3)?
9
Let j be (-8 + 2)/((-15)/20). Let o be 0 + j/((-8)/(-69)). Suppose 0 = i + 2*i - o. Calculate the remainder when i is divided by 6.
5
Let m(s) = -24*s + 717. Calculate the remainder when m(26) is divided by 35.
23
Suppose 4*p - 4*h = 56, -p - p + 32 = -3*h. Suppose 64*u = 1074 + 786 - 196. What is the remainder when u is divided by p?
6
Let b = -343 + 348. Suppose b*q - 4*f + 2*f = 101, q - 4*f - 31 = 0. Calculate the remainder when 315 is divided by q.
11
Let a = -4 + 14. Suppose 4*o - 19*g - 724 = -20*g, 0 = -4*o + 4*g + 684. What is the remainder when o is divided by a?
9
Suppose -12*m = -588 + 192. What is the remainder when 495 is divided by m?
0
Suppose -41 = -t + 2*y, 119 = 13*t - 10*t - 4*y. Suppose 153*z - 148*z - 350 = 0. Calculate the remainder when z is divided by t.
33
Let l = -169 - -95. Let n = l - -54. Let g = n - -25. Calculate the remainder when g is divided by 4.
1
Suppose 14*r - 1190 = -z + 9*r, -4*r = -5*z + 5979. Suppose -15*k - 130 = -z. Calculate the remainder when k is divided by 12.
11
Suppose 